what is -9 + 197520d?
1975204
In base 4, what is 3021311013 + 1103?
3021312122
In base 12, what is -1880 + 28568?
268a8
In base 2, what is 11101111001111100101101 + 101?
11101111001111100110010
In base 8, what is 1 + 173647717?
173647720
In base 12, what is 16a9b6b + 1?
16a9b70
In base 14, what is 12c25432c + 1?
12c25432d
In base 15, what is 67437a + -7?
674373
In base 2, what is 10110111000 - 111110010000001011?
-111101111001010011
In base 15, what is -438a - 1aed?
-5e88
In base 6, what is 21204110 - -32?
21204142
In base 15, what is 2c + 44a0e?
44a3b
In base 15, what is -50b90 + -33?
-50bc3
In base 3, what is 121011001022 - 2?
121011001020
In base 3, what is 102 + -11022001220010?
-11022001212201
In base 3, what is -102212020222121 + 0?
-102212020222121
In base 5, what is 1000313211 + 2?
1000313213
In base 16, what is -8cc0 - 1?
-8cc1
In base 8, what is 15 + 116352?
116367
In base 12, what is 15b43a + 24?
15b462
In base 9, what is 148 + 2652075?
2652234
In base 6, what is -11233 - -4125532?
4114255
In base 11, what is 2 + -3281a43?
-3281a41
In base 4, what is -20 + -223121013133?
-223121013213
In base 16, what is -fa - -195ec8?
195dce
In base 12, what is -4a1 - -954a5?
95004
In base 5, what is -14 - -444403233?
444403214
In base 16, what is -2 + 191d0ae?
191d0ac
In base 14, what is 9185a0 - 5?
918599
In base 5, what is 0 - -324422344?
324422344
In base 6, what is -22120225 + 4?
-22120221
In base 14, what is 417b05 - -50?
417b55
In base 16, what is 2 - 52b364?
-52b362
In base 3, what is -1110010220122 + 100110?
-1110010120012
In base 12, what is 2305 + -313?
1bb2
In base 2, what is -111110000 - 100011100010111?
-100100100000111
In base 12, what is 2a2 + 7b89a3?
7b9085
In base 9, what is 1 + -3575176?
-3575175
In base 14, what is 3368 + -17d5?
1973
In base 11, what is 21810 + -211?
215aa
In base 9, what is 37120 - 6525?
30484
In base 6, what is -4 + 3401255110?
3401255102
In base 7, what is 6 - 3026666422?
-3026666413
In base 3, what is -11 + -102222112210211111?
-102222112210211122
In base 7, what is -4 - -24530132?
24530125
In base 11, what is -2807952 + -40?
-2807992
In base 12, what is 429 + 91211?
9163a
In base 9, what is 5620153 + 1?
5620154
In base 9, what is -124 + 348213?
348078
In base 9, what is 54474 + -1403?
53071
In base 12, what is -6982051 - -3?
-698204a
In base 3, what is 222 - 2100000021120?
-2100000020121
In base 9, what is 1548 + -105203?
-103544
In base 6, what is -441333 - -350100?
-51233
In base 10, what is 17 - -136995?
137012
In base 11, what is 12 - -363a65?
363a77
In base 5, what is -1 - -12324024241?
12324024240
In base 3, what is -12221122211 - 1221221?
-20000121202
In base 15, what is -398e63a - -3?
-398e637
In base 10, what is 4959 + 3322?
8281
In base 7, what is 12 - -536640?
536652
In base 9, what is -4428826 + 101?
-4428725
In base 13, what is -3a89ac6 - -4?
-3a89ac2
In base 7, what is -301 + 1334304?
1334003
In base 2, what is -11 + 11011110101000101011110?
11011110101000101011011
In base 9, what is 388778 - 1422?
387356
In base 13, what is 19073 + 47?
190ba
In base 10, what is 247534 + 75?
247609
In base 13, what is -38972 + -14?
-38986
In base 12, what is -29a17 + -145?
-29b60
In base 11, what is -2a40 - 439?
-3379
In base 8, what is -7370210 - 473?
-7370703
In base 6, what is 143 - -2125312?
2125455
In base 2, what is 100011011101101010 + -10010000010?
100011001011101000
In base 9, what is -4 - 447855?
-447860
In base 16, what is -8aed5 + 2?
-8aed3
In base 3, what is -11 + -22201220111110101?
-22201220111110112
In base 3, what is 21012 - -2210120112020?
2210120210102
In base 10, what is 23 - -1755884?
1755907
In base 12, what is -1aaa0 - 99?
-1ab79
In base 16, what is 97 - -9bb65?
9bbfc
In base 13, what is -256 + 806?
580
In base 15, what is -71d2e - -10?
-71d1e
In base 16, what is 249a1 - -666?
25007
In base 4, what is 20 - -33320201?
33320221
In base 6, what is 133530 + -1342?
132144
In base 10, what is 3 + 21873467?
21873470
In base 13, what is 3747b05 - -25?
3747b2a
In base 8, what is -3736 + -13560?
-17516
In base 6, what is 424312354 - 34?
424312320
In base 14, what is -2 + 99bda4?
99bda2
In base 16, what is 88830 + -2?
8882e
In base 5, what is -34312312 - 22311?
-34340123
In base 6, what is -153332351 + -15?
-153332410
In base 4, what is -3132020030 + -2100?
-3132022130
In base 8, what is 1051301 + -26?
1051253
In base 11, what is -a + -1581044?
-1581053
In base 4, what is -22011312 + 22000?
-21323312
In base 13, what is -491732b + 4?
-4917327
In base 15, what is -1467 + -d152?
-e5b9
In base 12, what is -739 + -66b99?
-67716
In base 5, what is 420440 + -41342?
324043
In base 4, what is -3 - -202210303133?
202210303130
In base 10, what is 2 + -60331269?
-60331267
In base 9, what is -15158 + 52361?
36202
In base 8, what is 117 - -3072040?
3072157
In base 15, what is 76cb + -3d?
768d
In base 8, what is 7 + 22411416?
22411425
In base 8, what is -276652 - 1043?
-277715
In base 6, what is 5320333 + -122?
5320211
In base 8, what is -45322111 + 41?
-45322050
In base 5, what is -24112441 - -32?
-24112404
In base 9, what is 12402 - 23078?
-10576
In base 15, what is -34d8836 - 4?
-34d883a
In base 12, what is 1 - -169602a?
169602b
In base 10, what is 0 - 30916159?
-30916159
In base 16, what is 77f - 217f?
-1a00
In base 4, what is 1122122 - -312233?
2101021
In base 4, what is 2001312222330 + -10?
2001312222320
In base 2, what is -110000001001100110010 - -10010?
-110000001001100100000
In base 12, what is -382303 - 273?
-382576
In base 6, what is 12215 + -2354?
5421
In base 2, what is -111011010101111001110 - 100?
-111011010101111010010
In base 15, what is -1 - 435a4e?
-435a50
In base 4, what is 3300 - -1300131231?
1300201131
In base 13, what is 9 - 53c4720?
-53c4714
In base 11, what is -1 + 14523638?
14523637
In base 5, what is -24 - -4442234124?
4442234100
In base 16, what is -893 - -eba?
627
In base 2, what is -101011000001110001 - 11010?
-101011000010001011
In base 4, what is 1023 + 13130203113?
13130210202
In base 2, what is -1 - 101011111111011101101001?
-101011111111011101101010
In base 3, what is 22012020011 + 200?
22012020211
In base 7, what is -1620543161 + 16?
-1620543142
In base 5, what is 2 - -4104323202?
4104323204
In base 7, what is -110465155 + 5?
-110465150
In base 9, what is 2 + 57853427?
57853430
In base 5, what is 1143 + -143224242?
-143223044
In base 8, what is 3 - -135665166?
135665171
In base 8, what is 157 + -36644?
-36465
In base 10, what is 0 + -5862825?
-5862825
In base 6, what is 41531 + -214134?
-132203
In base 4, what is 303110002 - -2201?
303112203
In base 15, what is 0 + 1473a1?
1473a1
In base 15, what is -90ed1a - -2?
-90ed18
In base 13, what is 396 - -59085?
5944b
In base 15, what is -43 - -4938e?
4934b
In base 2, what is 11011111010 + -1110101010110?
-1011001011100
In base 16, what is 22 - -1b8f0?
1b912
In base 5, what is -3013334011 - 110?
-3013334121
In base 4, what is 1122003223 - 12?
1122003211
In base 15, what is 46b31e - 5?
46b319
In base 9, what is -572426 - -111?
-572315
In base 16, what is -3 - bc8be1?
-bc8be4
In base 9, what is -4 - -4187083?
4187078
In base 11, what is -79 - 10991772?
-10991840
In base 13, what is -5c23237 - 3?
-5c2323a
In base 8, what is 535625 + -106?
535517
In base 12, what is -8103512 - 2?
-8103514
In base 2, what is 10 - -11000011000110010110010?
11000011000110010110100
In base 9, what is 73377 + -24751?
47526
In base 16, what is 16 + -101730e?
-10172f8
In base 5, what is 3231141020 - -322?
3231141342
In base 9, what is -1 - -33851241?
33851240
In base 3, what is 1 + 10120121012221200?
10120121012221201
In base 8, what is 157506721 + -3?
157506716
In base 8, what is 5 + -160166156?
-160166151
In base 6, what is -21034 + 204441?
143403
In base 5, what is 1341231414403 + -4?
1341231414344
In base 11, what is -4a + -424608?
-424657
In base 7, what is -450222401 - 12?
-450222413
In base 15, what is 5 - -cce347?
cce34c
In base 11, what is 15a849a78 - -2?
15a849a7a
In base 3, what is -102020221220022 + 100?
-102020221212222
In base 10, what is 3451 - 67478?
-64027
In base 4, what is -3120211 - -123?
-3120022
In base 15, what is 5 + -e6e420?
-e6e41a
In base 6, what is 4443 + 24454444?
24503331
In base 14, what is 17932055 - 4?
17932051
In base 5, wh